{"id":58,"date":"2016-05-18T22:41:23","date_gmt":"2016-05-18T20:41:23","guid":{"rendered":"http:\/\/birex.net\/cms\/?page_id=58"},"modified":"2026-04-03T12:32:52","modified_gmt":"2026-04-03T10:32:52","slug":"kontakt","status":"publish","type":"page","link":"https:\/\/birex.net\/index.php\/kontakt\/","title":{"rendered":"Kontakt"},"content":{"rendered":"<div class=\"wpb-content-wrapper\"><p>[vc_row][vc_column width=&#8221;1\/2&#8243;][vc_tta_tabs][vc_tta_section title=&#8221;Za\u0142adunek i roz\u0142adunek&#8221; tab_id=&#8221;1463999602208-f8191d01-83b4&#8243;][vc_column_text css_animation=&#8221;bounceIn&#8221; css=&#8221;&#8221;]<strong>Robert Nawrocki<\/strong> &#8211; Kierownik dzia\u0142u rozlicze\u0144 i logistyki kolejowej<\/p>\n<p>Tel. 730 321 595 \u00a0\u00a0\u00a0\u00a0\u00a0\u00a0\u00a0\u00a0\u00a0\u00a0\u00a0\u00a0\u00a0\u00a0 <a style=\"color: #333333;\" href=\"mailto:robertn@birex.net\"><strong>robertn@birex.net<\/strong><\/a><\/p>\n<p><strong>Rados\u0142aw Stenclik<\/strong> &#8211; Dyspozytor kolejowy<\/p>\n<p>Tel. 609 538\u00a0445\u00a0\u00a0\u00a0\u00a0\u00a0\u00a0\u00a0\u00a0\u00a0\u00a0\u00a0\u00a0\u00a0\u00a0\u00a0 <a style=\"color: #333333;\" href=\"mailto:radis@birex.net\"><strong>radis@birex.net<\/strong><\/a><\/p>\n<p><strong>Wojciech Krychowski<\/strong> &#8211; Dyspozytor kolejowy<\/p>\n<p>Tel. 607 096\u00a0914\u00a0\u00a0\u00a0\u00a0\u00a0\u00a0\u00a0\u00a0\u00a0\u00a0\u00a0\u00a0\u00a0\u00a0\u00a0 <a style=\"color: #333333;\" href=\"mailto:wojtek@birex.net\"><strong>wojtek@birex.net<\/strong><\/a>[\/vc_column_text][\/vc_tta_section][vc_tta_section title=&#8221;Transport&#8221; tab_id=&#8221;1463999602198-d13d9fb2-b6c7&#8243;][vc_column_text css_animation=&#8221;bounceIn&#8221; css=&#8221;&#8221;]<strong>Przemys\u0142aw Do\u0142\u017conek<\/strong>\u00a0&#8211;\u00a0Dyspozytor<\/p>\n<p>Tel.\u00a0 536 588 233\u00a0 \u00a0 \u00a0 \u00a0 \u00a0 \u00a0 \u00a0 \u00a0<a style=\"color: #333333;\" href=\"mailto:przemo@birex.net\"><strong>przemo@birex.net<\/strong><\/a><\/p>\n<p><strong>Mariusz\u00a0Banaszak <\/strong>&#8211;\u00a0Koordynator ds. transportu ko\u0142owego<\/p>\n<p>Tel. 607 885 361\u00a0\u00a0\u00a0\u00a0\u00a0\u00a0\u00a0\u00a0\u00a0\u00a0 \u00a0 \u00a0\u00a0 <a style=\"color: #333333;\" href=\"mailto:mariusz@birex.net\"><strong>mariusz@birex.net<\/strong><\/a>[\/vc_column_text][\/vc_tta_section][vc_tta_section title=&#8221;Us\u0142ugi budowlane&#8221; tab_id=&#8221;1463999705455-480371f9-e1d8&#8243;][vc_column_text css_animation=&#8221;bounceIn&#8221; css=&#8221;&#8221;]<strong>Tomasz Szeller <\/strong>&#8211; Kierownik ds. technicznych<\/p>\n<p>Tel. 605 321\u00a0415\u00a0\u00a0\u00a0\u00a0\u00a0\u00a0\u00a0\u00a0\u00a0\u00a0\u00a0\u00a0\u00a0\u00a0\u00a0 <a style=\"color: #333333;\" href=\"mailto:warsztat@birex.net\"><strong>warsztat@birex.net<\/strong><\/a>[\/vc_column_text][\/vc_tta_section][vc_tta_section title=&#8221;Paliwa i kruszywa&#8221; tab_id=&#8221;1463999707359-2a4f3a52-fcbf&#8221;][vc_column_text css_animation=&#8221;bounceIn&#8221; css=&#8221;&#8221;]<\/p>\n<h3>Paliwa<\/h3>\n<p><strong>Zenon Trawi\u0144ski<\/strong> &#8211; Kierownik stacji paliw<\/p>\n<p>Tel. 536 588 964 \u00a0 \u00a0 \u00a0 \u00a0 \u00a0 \u00a0 \u00a0\u00a0 <a style=\"color: #333333;\" href=\"mailto:stacja@birex.net\"><strong>stacja@birex.net<\/strong><\/a><\/p>\n<p><strong>Mariusz\u00a0Banaszak <\/strong>&#8211;\u00a0Koordynator ds. transportu ko\u0142owego<\/p>\n<p>Tel. 607\u00a0885\u00a0361\u00a0\u00a0\u00a0\u00a0\u00a0\u00a0\u00a0\u00a0\u00a0\u00a0\u00a0\u00a0\u00a0\u00a0\u00a0 <a style=\"color: #333333;\" href=\"mailto:mariusz@birex.net\"><strong>mariusz@birex.net<\/strong><\/a><\/p>\n<h3>Kruszywa<\/h3>\n<p><strong>Ewa Orpel<\/strong><\/p>\n<p>Tel. 62 747 88 68\u00a0 \u00a0 \u00a0 \u00a0 \u00a0 \u00a0 \u00a0 \u00a0 <a style=\"color: #333333;\" href=\"mailto:ewa@birex.net\"><strong>ewa@birex.net<\/strong><\/a>[\/vc_column_text][\/vc_tta_section][\/vc_tta_tabs][\/vc_column][\/vc_row][vc_row css=&#8221;.vc_custom_1464001407304{margin-top: -20px !important;margin-bottom: 0px !important;border-top-width: 0px !important;border-bottom-width: 0px !important;padding-top: 0px !important;padding-bottom: 0px !important;}&#8221;][vc_column css_animation=&#8221;none&#8221;][vc_column_text]<\/p>\n<h2>BIURO<\/h2>\n<h3><a href=\"mailto:birex@birex.net\">birex@birex.net<\/a><\/h3>\n<p>[\/vc_column_text][\/vc_column][\/vc_row][vc_row css=&#8221;.vc_custom_1464001417489{margin-top: 0px !important;border-top-width: 0px !important;padding-top: 0px !important;padding-bottom: 0px !important;}&#8221;][vc_column width=&#8221;1\/3&#8243;][vc_column_text]<strong>Anna<br \/>\n<\/strong><\/p>\n<p>Dyrektor finansowy<\/p>\n<p><a href=\"mailto:anna@birex.net\"><strong>anna@birex.net<\/strong><\/a>[\/vc_column_text][vc_column_text css=&#8221;&#8221;]<strong>Ewa<\/strong><\/p>\n<p>Ksi\u0119gowo\u015b\u0107<\/p>\n<p>62 747 88 68 \u00a0 <a href=\"mailto:ewa@birex.net\"><strong>ewa@birex.net<\/strong><\/a><\/p>\n<p>&nbsp;[\/vc_column_text][\/vc_column][vc_column width=&#8221;1\/4&#8243;][vc_column_text css=&#8221;&#8221;]<strong>Aneta<\/strong><\/p>\n<p>Fakturowanie<\/p>\n<p>62 747 42 67 \u00a0 <a href=\"mailto:aneta@birex.net\"><strong>aneta@birex.net<\/strong><\/a>[\/vc_column_text][vc_column_text css=&#8221;&#8221;]<strong>Emilia<\/strong><\/p>\n<p>Ksi\u0119gowo\u015b\u0107<\/p>\n<p>62 747 88 68 \u00a0 <a href=\"mailto:emilia@birex.net\"><strong>emilia@birex.net<\/strong><\/a><\/p>\n<p>&nbsp;[\/vc_column_text][\/vc_column][vc_column width=&#8221;1\/4&#8243;][vc_column_text]<strong>Agnieszka<\/strong><\/p>\n<p>Windykacja<\/p>\n<p>62 747 42 67 \u00a0 <a href=\"mailto:aga@birex.net\"><strong>aga@birex.net<\/strong><\/a>[\/vc_column_text][\/vc_column][vc_column width=&#8221;1\/4&#8243;][vc_column_text css=&#8221;&#8221;]<strong>Alicja<\/strong><\/p>\n<p>Kadry<\/p>\n<p>693 534 122 \u00a0 <a href=\"mailto:ala@birex.net\"><strong>ala@birex.net<\/strong><\/a><\/p>\n<p>&nbsp;[\/vc_column_text][\/vc_column][\/vc_row][vc_row css=&#8221;.vc_custom_1464001562932{margin-top: 0px !important;margin-bottom: 0px !important;border-top-width: 0px !important;border-bottom-width: 0px !important;padding-top: 0px !important;padding-bottom: 0px !important;}&#8221;][vc_column css_animation=&#8221;none&#8221; width=&#8221;1\/4&#8243;][\/vc_column][vc_column width=&#8221;1\/4&#8243;][\/vc_column][\/vc_row][vc_row css=&#8221;.vc_custom_1464001417489{margin-top: 0px !important;border-top-width: 0px !important;padding-top: 0px !important;padding-bottom: 0px !important;}&#8221;][vc_column width=&#8221;1\/4&#8243;][vc_column_text css=&#8221;&#8221;][\/vc_column_text][\/vc_column][vc_column width=&#8221;1\/4&#8243;][vc_column_text css=&#8221;&#8221;][\/vc_column_text][\/vc_column][vc_column width=&#8221;1\/4&#8243;][\/vc_column][vc_column width=&#8221;1\/4&#8243;][\/vc_column][\/vc_row]<\/p>\n<\/div>","protected":false},"excerpt":{"rendered":"<p>[vc_row][vc_column width=&#8221;1\/2&#8243;][vc_tta_tabs][vc_tta_section title=&#8221;Za\u0142adunek i roz\u0142adunek&#8221; tab_id=&#8221;1463999602208-f8191d01-83b4&#8243;][vc_column_text css_animation=&#8221;bounceIn&#8221; css=&#8221;&#8221;]Robert Nawrocki &#8211; Kierownik dzia\u0142u rozlicze\u0144 i logistyki kolejowej Tel. 730 321 595 \u00a0\u00a0\u00a0\u00a0\u00a0\u00a0\u00a0\u00a0\u00a0\u00a0\u00a0\u00a0\u00a0\u00a0 robertn@birex.net Rados\u0142aw Stenclik &#8211; Dyspozytor kolejowy Tel. 609 538\u00a0445\u00a0\u00a0\u00a0\u00a0\u00a0\u00a0\u00a0\u00a0\u00a0\u00a0\u00a0\u00a0\u00a0\u00a0\u00a0 radis@birex.net Wojciech Krychowski &#8211; Dyspozytor kolejowy Tel. 607 096\u00a0914\u00a0\u00a0\u00a0\u00a0\u00a0\u00a0\u00a0\u00a0\u00a0\u00a0\u00a0\u00a0\u00a0\u00a0\u00a0 wojtek@birex.net[\/vc_column_text][\/vc_tta_section][vc_tta_section title=&#8221;Transport&#8221; tab_id=&#8221;1463999602198-d13d9fb2-b6c7&#8243;][vc_column_text css_animation=&#8221;bounceIn&#8221; css=&#8221;&#8221;]Przemys\u0142aw Do\u0142\u017conek\u00a0&#8211;\u00a0Dyspozytor Tel.\u00a0 536 588 233\u00a0 \u00a0 \u00a0 \u00a0 \u00a0 \u00a0 \u00a0 [&hellip;]<\/p>\n","protected":false},"author":1,"featured_media":0,"parent":0,"menu_order":0,"comment_status":"closed","ping_status":"closed","template":"page-templates\/template-fullwidth.php","meta":{"footnotes":""},"class_list":["post-58","page","type-page","status-publish","hentry"],"yoast_head":"<!-- This site is optimized with the Yoast SEO plugin v23.5 - https:\/\/yoast.com\/wordpress\/plugins\/seo\/ -->\n<title>Kontakt - BIREX<\/title>\n<meta name=\"description\" content=\"Roz\u0142adunek wagon\u00f3w. Transport. Spedycja. Paliwa. Kruszywa.\" \/>\n<meta name=\"robots\" content=\"index, follow, max-snippet:-1, max-image-preview:large, max-video-preview:-1\" \/>\n<link rel=\"canonical\" href=\"https:\/\/birex.net\/index.php\/kontakt\/\" \/>\n<meta property=\"og:locale\" content=\"pl_PL\" \/>\n<meta property=\"og:type\" content=\"article\" \/>\n<meta property=\"og:title\" content=\"Kontakt - BIREX\" \/>\n<meta property=\"og:description\" content=\"Roz\u0142adunek wagon\u00f3w. Transport. Spedycja. Paliwa. Kruszywa.\" \/>\n<meta property=\"og:url\" content=\"https:\/\/birex.net\/index.php\/kontakt\/\" \/>\n<meta property=\"og:site_name\" content=\"BIREX\" \/>\n<meta property=\"article:modified_time\" content=\"2026-04-03T10:32:52+00:00\" \/>\n<meta name=\"twitter:card\" content=\"summary_large_image\" \/>\n<meta name=\"twitter:label1\" content=\"Szacowany czas czytania\" \/>\n\t<meta name=\"twitter:data1\" content=\"2 minuty\" \/>\n<script type=\"application\/ld+json\" class=\"yoast-schema-graph\">{\"@context\":\"https:\/\/schema.org\",\"@graph\":[{\"@type\":\"WebPage\",\"@id\":\"https:\/\/birex.net\/index.php\/kontakt\/\",\"url\":\"https:\/\/birex.net\/index.php\/kontakt\/\",\"name\":\"Kontakt - BIREX\",\"isPartOf\":{\"@id\":\"https:\/\/birex.net\/#website\"},\"datePublished\":\"2016-05-18T20:41:23+00:00\",\"dateModified\":\"2026-04-03T10:32:52+00:00\",\"description\":\"Roz\u0142adunek wagon\u00f3w. Transport. Spedycja. Paliwa. Kruszywa.\",\"breadcrumb\":{\"@id\":\"https:\/\/birex.net\/index.php\/kontakt\/#breadcrumb\"},\"inLanguage\":\"pl-PL\",\"potentialAction\":[{\"@type\":\"ReadAction\",\"target\":[\"https:\/\/birex.net\/index.php\/kontakt\/\"]}]},{\"@type\":\"BreadcrumbList\",\"@id\":\"https:\/\/birex.net\/index.php\/kontakt\/#breadcrumb\",\"itemListElement\":[{\"@type\":\"ListItem\",\"position\":1,\"name\":\"Strona g\u0142\u00f3wna\",\"item\":\"https:\/\/birex.net\/\"},{\"@type\":\"ListItem\",\"position\":2,\"name\":\"Kontakt\"}]},{\"@type\":\"WebSite\",\"@id\":\"https:\/\/birex.net\/#website\",\"url\":\"https:\/\/birex.net\/\",\"name\":\"BIREX Roz\u0142adunek wagon\u00f3w. Transport. Spedycja. Us\u0142ugi budowlane. Paliwa. Kruszywa.\",\"description\":\"STWORZENI DO ZADA\u0143 WAGI CI\u0118\u017bKIEJ\",\"publisher\":{\"@id\":\"https:\/\/birex.net\/#organization\"},\"potentialAction\":[{\"@type\":\"SearchAction\",\"target\":{\"@type\":\"EntryPoint\",\"urlTemplate\":\"https:\/\/birex.net\/?s={search_term_string}\"},\"query-input\":{\"@type\":\"PropertyValueSpecification\",\"valueRequired\":true,\"valueName\":\"search_term_string\"}}],\"inLanguage\":\"pl-PL\"},{\"@type\":\"Organization\",\"@id\":\"https:\/\/birex.net\/#organization\",\"name\":\"BIREX\",\"url\":\"https:\/\/birex.net\/\",\"logo\":{\"@type\":\"ImageObject\",\"inLanguage\":\"pl-PL\",\"@id\":\"https:\/\/birex.net\/#\/schema\/logo\/image\/\",\"url\":\"https:\/\/birex.net\/cms\/wp-content\/uploads\/2016\/05\/BIREX_logo-1.png\",\"contentUrl\":\"https:\/\/birex.net\/cms\/wp-content\/uploads\/2016\/05\/BIREX_logo-1.png\",\"width\":186,\"height\":35,\"caption\":\"BIREX\"},\"image\":{\"@id\":\"https:\/\/birex.net\/#\/schema\/logo\/image\/\"}}]}<\/script>\n<!-- \/ Yoast SEO plugin. -->","yoast_head_json":{"title":"Kontakt - BIREX","description":"Roz\u0142adunek wagon\u00f3w. Transport. Spedycja. Paliwa. Kruszywa.","robots":{"index":"index","follow":"follow","max-snippet":"max-snippet:-1","max-image-preview":"max-image-preview:large","max-video-preview":"max-video-preview:-1"},"canonical":"https:\/\/birex.net\/index.php\/kontakt\/","og_locale":"pl_PL","og_type":"article","og_title":"Kontakt - BIREX","og_description":"Roz\u0142adunek wagon\u00f3w. Transport. Spedycja. Paliwa. Kruszywa.","og_url":"https:\/\/birex.net\/index.php\/kontakt\/","og_site_name":"BIREX","article_modified_time":"2026-04-03T10:32:52+00:00","twitter_card":"summary_large_image","twitter_misc":{"Szacowany czas czytania":"2 minuty"},"schema":{"@context":"https:\/\/schema.org","@graph":[{"@type":"WebPage","@id":"https:\/\/birex.net\/index.php\/kontakt\/","url":"https:\/\/birex.net\/index.php\/kontakt\/","name":"Kontakt - BIREX","isPartOf":{"@id":"https:\/\/birex.net\/#website"},"datePublished":"2016-05-18T20:41:23+00:00","dateModified":"2026-04-03T10:32:52+00:00","description":"Roz\u0142adunek wagon\u00f3w. Transport. Spedycja. Paliwa. Kruszywa.","breadcrumb":{"@id":"https:\/\/birex.net\/index.php\/kontakt\/#breadcrumb"},"inLanguage":"pl-PL","potentialAction":[{"@type":"ReadAction","target":["https:\/\/birex.net\/index.php\/kontakt\/"]}]},{"@type":"BreadcrumbList","@id":"https:\/\/birex.net\/index.php\/kontakt\/#breadcrumb","itemListElement":[{"@type":"ListItem","position":1,"name":"Strona g\u0142\u00f3wna","item":"https:\/\/birex.net\/"},{"@type":"ListItem","position":2,"name":"Kontakt"}]},{"@type":"WebSite","@id":"https:\/\/birex.net\/#website","url":"https:\/\/birex.net\/","name":"BIREX Roz\u0142adunek wagon\u00f3w. Transport. Spedycja. Us\u0142ugi budowlane. Paliwa. Kruszywa.","description":"STWORZENI DO ZADA\u0143 WAGI CI\u0118\u017bKIEJ","publisher":{"@id":"https:\/\/birex.net\/#organization"},"potentialAction":[{"@type":"SearchAction","target":{"@type":"EntryPoint","urlTemplate":"https:\/\/birex.net\/?s={search_term_string}"},"query-input":{"@type":"PropertyValueSpecification","valueRequired":true,"valueName":"search_term_string"}}],"inLanguage":"pl-PL"},{"@type":"Organization","@id":"https:\/\/birex.net\/#organization","name":"BIREX","url":"https:\/\/birex.net\/","logo":{"@type":"ImageObject","inLanguage":"pl-PL","@id":"https:\/\/birex.net\/#\/schema\/logo\/image\/","url":"https:\/\/birex.net\/cms\/wp-content\/uploads\/2016\/05\/BIREX_logo-1.png","contentUrl":"https:\/\/birex.net\/cms\/wp-content\/uploads\/2016\/05\/BIREX_logo-1.png","width":186,"height":35,"caption":"BIREX"},"image":{"@id":"https:\/\/birex.net\/#\/schema\/logo\/image\/"}}]}},"_links":{"self":[{"href":"https:\/\/birex.net\/index.php\/wp-json\/wp\/v2\/pages\/58"}],"collection":[{"href":"https:\/\/birex.net\/index.php\/wp-json\/wp\/v2\/pages"}],"about":[{"href":"https:\/\/birex.net\/index.php\/wp-json\/wp\/v2\/types\/page"}],"author":[{"embeddable":true,"href":"https:\/\/birex.net\/index.php\/wp-json\/wp\/v2\/users\/1"}],"replies":[{"embeddable":true,"href":"https:\/\/birex.net\/index.php\/wp-json\/wp\/v2\/comments?post=58"}],"version-history":[{"count":152,"href":"https:\/\/birex.net\/index.php\/wp-json\/wp\/v2\/pages\/58\/revisions"}],"predecessor-version":[{"id":917,"href":"https:\/\/birex.net\/index.php\/wp-json\/wp\/v2\/pages\/58\/revisions\/917"}],"wp:attachment":[{"href":"https:\/\/birex.net\/index.php\/wp-json\/wp\/v2\/media?parent=58"}],"curies":[{"name":"wp","href":"https:\/\/api.w.org\/{rel}","templated":true}]}}