{"id":144,"date":"2016-05-23T13:23:51","date_gmt":"2016-05-23T11:23:51","guid":{"rendered":"http:\/\/birex.net\/cms\/?page_id=144"},"modified":"2016-05-23T13:24:01","modified_gmt":"2016-05-23T11:24:01","slug":"paliwa-i-kruszywa","status":"publish","type":"page","link":"https:\/\/birex.net\/index.php\/oferta\/paliwa-i-kruszywa\/","title":{"rendered":"Paliwa i kruszywa"},"content":{"rendered":"","protected":false},"excerpt":{"rendered":"","protected":false},"author":1,"featured_media":0,"parent":52,"menu_order":0,"comment_status":"closed","ping_status":"closed","template":"","meta":{"footnotes":""},"class_list":["post-144","page","type-page","status-publish","hentry"],"yoast_head":"<!-- This site is optimized with the Yoast SEO plugin v23.5 - https:\/\/yoast.com\/wordpress\/plugins\/seo\/ -->\n<title>Paliwa i kruszywa - BIREX<\/title>\n<meta name=\"robots\" content=\"index, follow, max-snippet:-1, max-image-preview:large, max-video-preview:-1\" \/>\n<link rel=\"canonical\" href=\"https:\/\/birex.net\/index.php\/oferta\/paliwa-i-kruszywa\/\" \/>\n<meta property=\"og:locale\" content=\"pl_PL\" \/>\n<meta property=\"og:type\" content=\"article\" \/>\n<meta property=\"og:title\" content=\"Paliwa i kruszywa - BIREX\" \/>\n<meta property=\"og:url\" content=\"https:\/\/birex.net\/index.php\/oferta\/paliwa-i-kruszywa\/\" \/>\n<meta property=\"og:site_name\" content=\"BIREX\" \/>\n<meta property=\"article:modified_time\" content=\"2016-05-23T11:24:01+00:00\" \/>\n<meta name=\"twitter:card\" content=\"summary_large_image\" \/>\n<script type=\"application\/ld+json\" class=\"yoast-schema-graph\">{\"@context\":\"https:\/\/schema.org\",\"@graph\":[{\"@type\":\"WebPage\",\"@id\":\"https:\/\/birex.net\/index.php\/oferta\/paliwa-i-kruszywa\/\",\"url\":\"https:\/\/birex.net\/index.php\/oferta\/paliwa-i-kruszywa\/\",\"name\":\"Paliwa i kruszywa - BIREX\",\"isPartOf\":{\"@id\":\"https:\/\/birex.net\/#website\"},\"datePublished\":\"2016-05-23T11:23:51+00:00\",\"dateModified\":\"2016-05-23T11:24:01+00:00\",\"breadcrumb\":{\"@id\":\"https:\/\/birex.net\/index.php\/oferta\/paliwa-i-kruszywa\/#breadcrumb\"},\"inLanguage\":\"pl-PL\",\"potentialAction\":[{\"@type\":\"ReadAction\",\"target\":[\"https:\/\/birex.net\/index.php\/oferta\/paliwa-i-kruszywa\/\"]}]},{\"@type\":\"BreadcrumbList\",\"@id\":\"https:\/\/birex.net\/index.php\/oferta\/paliwa-i-kruszywa\/#breadcrumb\",\"itemListElement\":[{\"@type\":\"ListItem\",\"position\":1,\"name\":\"Strona g\u0142\u00f3wna\",\"item\":\"https:\/\/birex.net\/\"},{\"@type\":\"ListItem\",\"position\":2,\"name\":\"Oferta\",\"item\":\"https:\/\/birex.net\/index.php\/oferta\/\"},{\"@type\":\"ListItem\",\"position\":3,\"name\":\"Paliwa i kruszywa\"}]},{\"@type\":\"WebSite\",\"@id\":\"https:\/\/birex.net\/#website\",\"url\":\"https:\/\/birex.net\/\",\"name\":\"BIREX Roz\u0142adunek wagon\u00f3w. Transport. Spedycja. Us\u0142ugi budowlane. Paliwa. Kruszywa.\",\"description\":\"STWORZENI DO ZADA\u0143 WAGI CI\u0118\u017bKIEJ\",\"publisher\":{\"@id\":\"https:\/\/birex.net\/#organization\"},\"potentialAction\":[{\"@type\":\"SearchAction\",\"target\":{\"@type\":\"EntryPoint\",\"urlTemplate\":\"https:\/\/birex.net\/?s={search_term_string}\"},\"query-input\":{\"@type\":\"PropertyValueSpecification\",\"valueRequired\":true,\"valueName\":\"search_term_string\"}}],\"inLanguage\":\"pl-PL\"},{\"@type\":\"Organization\",\"@id\":\"https:\/\/birex.net\/#organization\",\"name\":\"BIREX\",\"url\":\"https:\/\/birex.net\/\",\"logo\":{\"@type\":\"ImageObject\",\"inLanguage\":\"pl-PL\",\"@id\":\"https:\/\/birex.net\/#\/schema\/logo\/image\/\",\"url\":\"https:\/\/birex.net\/cms\/wp-content\/uploads\/2016\/05\/BIREX_logo-1.png\",\"contentUrl\":\"https:\/\/birex.net\/cms\/wp-content\/uploads\/2016\/05\/BIREX_logo-1.png\",\"width\":186,\"height\":35,\"caption\":\"BIREX\"},\"image\":{\"@id\":\"https:\/\/birex.net\/#\/schema\/logo\/image\/\"}}]}<\/script>\n<!-- \/ Yoast SEO plugin. -->","yoast_head_json":{"title":"Paliwa i kruszywa - BIREX","robots":{"index":"index","follow":"follow","max-snippet":"max-snippet:-1","max-image-preview":"max-image-preview:large","max-video-preview":"max-video-preview:-1"},"canonical":"https:\/\/birex.net\/index.php\/oferta\/paliwa-i-kruszywa\/","og_locale":"pl_PL","og_type":"article","og_title":"Paliwa i kruszywa - BIREX","og_url":"https:\/\/birex.net\/index.php\/oferta\/paliwa-i-kruszywa\/","og_site_name":"BIREX","article_modified_time":"2016-05-23T11:24:01+00:00","twitter_card":"summary_large_image","schema":{"@context":"https:\/\/schema.org","@graph":[{"@type":"WebPage","@id":"https:\/\/birex.net\/index.php\/oferta\/paliwa-i-kruszywa\/","url":"https:\/\/birex.net\/index.php\/oferta\/paliwa-i-kruszywa\/","name":"Paliwa i kruszywa - BIREX","isPartOf":{"@id":"https:\/\/birex.net\/#website"},"datePublished":"2016-05-23T11:23:51+00:00","dateModified":"2016-05-23T11:24:01+00:00","breadcrumb":{"@id":"https:\/\/birex.net\/index.php\/oferta\/paliwa-i-kruszywa\/#breadcrumb"},"inLanguage":"pl-PL","potentialAction":[{"@type":"ReadAction","target":["https:\/\/birex.net\/index.php\/oferta\/paliwa-i-kruszywa\/"]}]},{"@type":"BreadcrumbList","@id":"https:\/\/birex.net\/index.php\/oferta\/paliwa-i-kruszywa\/#breadcrumb","itemListElement":[{"@type":"ListItem","position":1,"name":"Strona g\u0142\u00f3wna","item":"https:\/\/birex.net\/"},{"@type":"ListItem","position":2,"name":"Oferta","item":"https:\/\/birex.net\/index.php\/oferta\/"},{"@type":"ListItem","position":3,"name":"Paliwa i kruszywa"}]},{"@type":"WebSite","@id":"https:\/\/birex.net\/#website","url":"https:\/\/birex.net\/","name":"BIREX Roz\u0142adunek wagon\u00f3w. Transport. Spedycja. Us\u0142ugi budowlane. Paliwa. Kruszywa.","description":"STWORZENI DO ZADA\u0143 WAGI CI\u0118\u017bKIEJ","publisher":{"@id":"https:\/\/birex.net\/#organization"},"potentialAction":[{"@type":"SearchAction","target":{"@type":"EntryPoint","urlTemplate":"https:\/\/birex.net\/?s={search_term_string}"},"query-input":{"@type":"PropertyValueSpecification","valueRequired":true,"valueName":"search_term_string"}}],"inLanguage":"pl-PL"},{"@type":"Organization","@id":"https:\/\/birex.net\/#organization","name":"BIREX","url":"https:\/\/birex.net\/","logo":{"@type":"ImageObject","inLanguage":"pl-PL","@id":"https:\/\/birex.net\/#\/schema\/logo\/image\/","url":"https:\/\/birex.net\/cms\/wp-content\/uploads\/2016\/05\/BIREX_logo-1.png","contentUrl":"https:\/\/birex.net\/cms\/wp-content\/uploads\/2016\/05\/BIREX_logo-1.png","width":186,"height":35,"caption":"BIREX"},"image":{"@id":"https:\/\/birex.net\/#\/schema\/logo\/image\/"}}]}},"_links":{"self":[{"href":"https:\/\/birex.net\/index.php\/wp-json\/wp\/v2\/pages\/144"}],"collection":[{"href":"https:\/\/birex.net\/index.php\/wp-json\/wp\/v2\/pages"}],"about":[{"href":"https:\/\/birex.net\/index.php\/wp-json\/wp\/v2\/types\/page"}],"author":[{"embeddable":true,"href":"https:\/\/birex.net\/index.php\/wp-json\/wp\/v2\/users\/1"}],"replies":[{"embeddable":true,"href":"https:\/\/birex.net\/index.php\/wp-json\/wp\/v2\/comments?post=144"}],"version-history":[{"count":1,"href":"https:\/\/birex.net\/index.php\/wp-json\/wp\/v2\/pages\/144\/revisions"}],"predecessor-version":[{"id":145,"href":"https:\/\/birex.net\/index.php\/wp-json\/wp\/v2\/pages\/144\/revisions\/145"}],"up":[{"embeddable":true,"href":"https:\/\/birex.net\/index.php\/wp-json\/wp\/v2\/pages\/52"}],"wp:attachment":[{"href":"https:\/\/birex.net\/index.php\/wp-json\/wp\/v2\/media?parent=144"}],"curies":[{"name":"wp","href":"https:\/\/api.w.org\/{rel}","templated":true}]}}