{"id":139,"date":"2016-05-23T13:22:59","date_gmt":"2016-05-23T11:22:59","guid":{"rendered":"http:\/\/birex.net\/cms\/?page_id=139"},"modified":"2016-05-31T14:20:45","modified_gmt":"2016-05-31T12:20:45","slug":"transport","status":"publish","type":"page","link":"https:\/\/birex.net\/index.php\/oferta\/transport\/","title":{"rendered":"Transport"},"content":{"rendered":"<div class=\"wpb-content-wrapper\"><p>[vc_row][vc_column][vc_column_text css_animation=&#8221;right-to-left&#8221;]<\/p>\n<ul>\n<li>transport dalekobie\u017cny<\/li>\n<li>transport ponadgabarytowy<\/li>\n<li>transport paliw w\u0142asnymi cysternami<\/li>\n<li>transport silonaczepami materia\u0142\u00f3w sypkich<\/li>\n<\/ul>\n<p>Przyjmujemy zlecenia transportowe od wielkich firm oraz Klient\u00f3w indywidualnych. Oferujemy szerokie spektrum us\u0142ug wymagaj\u0105cych szczeg\u00f3lnych warunk\u00f3w przewozu. Elastycznie dopasowujemy si\u0119 do specyfiki zlecenia \u2013 rodzaju przewo\u017conego \u0142adunku i potrzeb Klienta. Nasze mocne strony to:<\/p>\n<p><strong>Certyfikaty i licencje<\/strong><br \/>\nPosiadamy wszelkie konieczne uprawnienia do wykonywania naszej pracy. Zapewniamy przez to bezpiecze\u0144stwo i profesjonalne podej\u015bcie do zleconych realizacji.<\/p>\n<p><strong>Du\u017ca mobilno\u015b\u0107<\/strong><\/p>\n<p>G\u0142\u00f3wn\u0105 zalet\u0105 naszej firmy jest du\u017ca mobilno\u015b\u0107 maszyn kt\u00f3re przemieszczaj\u0105 si\u0119 mi\u0119dzy poszczeg\u00f3lnymi miejscami zleconych prac na w\u0142asnych niskopodwoziach.[\/vc_column_text][\/vc_column][\/vc_row]<\/p>\n<\/div>","protected":false},"excerpt":{"rendered":"<p>[vc_row][vc_column][vc_column_text css_animation=&#8221;right-to-left&#8221;] transport dalekobie\u017cny transport ponadgabarytowy transport paliw w\u0142asnymi cysternami transport silonaczepami materia\u0142\u00f3w sypkich Przyjmujemy zlecenia transportowe od wielkich firm oraz Klient\u00f3w indywidualnych. Oferujemy szerokie spektrum us\u0142ug wymagaj\u0105cych szczeg\u00f3lnych warunk\u00f3w przewozu. Elastycznie dopasowujemy si\u0119 do specyfiki zlecenia \u2013 rodzaju przewo\u017conego \u0142adunku i potrzeb Klienta. Nasze mocne strony to: Certyfikaty i licencje Posiadamy wszelkie konieczne uprawnienia [&hellip;]<\/p>\n","protected":false},"author":1,"featured_media":0,"parent":52,"menu_order":0,"comment_status":"closed","ping_status":"closed","template":"page-templates\/template-fullwidth.php","meta":{"footnotes":""},"class_list":["post-139","page","type-page","status-publish","hentry"],"yoast_head":"<!-- This site is optimized with the Yoast SEO plugin v23.5 - https:\/\/yoast.com\/wordpress\/plugins\/seo\/ -->\n<title>Transport - BIREX<\/title>\n<meta name=\"robots\" content=\"index, follow, max-snippet:-1, max-image-preview:large, max-video-preview:-1\" \/>\n<link rel=\"canonical\" href=\"https:\/\/birex.net\/index.php\/oferta\/transport\/\" \/>\n<meta property=\"og:locale\" content=\"pl_PL\" \/>\n<meta property=\"og:type\" content=\"article\" \/>\n<meta property=\"og:title\" content=\"Transport - BIREX\" \/>\n<meta property=\"og:description\" content=\"[vc_row][vc_column][vc_column_text css_animation=&#8221;right-to-left&#8221;] transport dalekobie\u017cny transport ponadgabarytowy transport paliw w\u0142asnymi cysternami transport silonaczepami materia\u0142\u00f3w sypkich Przyjmujemy zlecenia transportowe od wielkich firm oraz Klient\u00f3w indywidualnych. Oferujemy szerokie spektrum us\u0142ug wymagaj\u0105cych szczeg\u00f3lnych warunk\u00f3w przewozu. Elastycznie dopasowujemy si\u0119 do specyfiki zlecenia \u2013 rodzaju przewo\u017conego \u0142adunku i potrzeb Klienta. Nasze mocne strony to: Certyfikaty i licencje Posiadamy wszelkie konieczne uprawnienia [&hellip;]\" \/>\n<meta property=\"og:url\" content=\"https:\/\/birex.net\/index.php\/oferta\/transport\/\" \/>\n<meta property=\"og:site_name\" content=\"BIREX\" \/>\n<meta property=\"article:modified_time\" content=\"2016-05-31T12:20:45+00:00\" \/>\n<meta name=\"twitter:card\" content=\"summary_large_image\" \/>\n<meta name=\"twitter:label1\" content=\"Szacowany czas czytania\" \/>\n\t<meta name=\"twitter:data1\" content=\"1 minuta\" \/>\n<script type=\"application\/ld+json\" class=\"yoast-schema-graph\">{\"@context\":\"https:\/\/schema.org\",\"@graph\":[{\"@type\":\"WebPage\",\"@id\":\"https:\/\/birex.net\/index.php\/oferta\/transport\/\",\"url\":\"https:\/\/birex.net\/index.php\/oferta\/transport\/\",\"name\":\"Transport - BIREX\",\"isPartOf\":{\"@id\":\"https:\/\/birex.net\/#website\"},\"datePublished\":\"2016-05-23T11:22:59+00:00\",\"dateModified\":\"2016-05-31T12:20:45+00:00\",\"breadcrumb\":{\"@id\":\"https:\/\/birex.net\/index.php\/oferta\/transport\/#breadcrumb\"},\"inLanguage\":\"pl-PL\",\"potentialAction\":[{\"@type\":\"ReadAction\",\"target\":[\"https:\/\/birex.net\/index.php\/oferta\/transport\/\"]}]},{\"@type\":\"BreadcrumbList\",\"@id\":\"https:\/\/birex.net\/index.php\/oferta\/transport\/#breadcrumb\",\"itemListElement\":[{\"@type\":\"ListItem\",\"position\":1,\"name\":\"Strona g\u0142\u00f3wna\",\"item\":\"https:\/\/birex.net\/\"},{\"@type\":\"ListItem\",\"position\":2,\"name\":\"Oferta\",\"item\":\"https:\/\/birex.net\/index.php\/oferta\/\"},{\"@type\":\"ListItem\",\"position\":3,\"name\":\"Transport\"}]},{\"@type\":\"WebSite\",\"@id\":\"https:\/\/birex.net\/#website\",\"url\":\"https:\/\/birex.net\/\",\"name\":\"BIREX Roz\u0142adunek wagon\u00f3w. Transport. Spedycja. Us\u0142ugi budowlane. Paliwa. Kruszywa.\",\"description\":\"STWORZENI DO ZADA\u0143 WAGI CI\u0118\u017bKIEJ\",\"publisher\":{\"@id\":\"https:\/\/birex.net\/#organization\"},\"potentialAction\":[{\"@type\":\"SearchAction\",\"target\":{\"@type\":\"EntryPoint\",\"urlTemplate\":\"https:\/\/birex.net\/?s={search_term_string}\"},\"query-input\":{\"@type\":\"PropertyValueSpecification\",\"valueRequired\":true,\"valueName\":\"search_term_string\"}}],\"inLanguage\":\"pl-PL\"},{\"@type\":\"Organization\",\"@id\":\"https:\/\/birex.net\/#organization\",\"name\":\"BIREX\",\"url\":\"https:\/\/birex.net\/\",\"logo\":{\"@type\":\"ImageObject\",\"inLanguage\":\"pl-PL\",\"@id\":\"https:\/\/birex.net\/#\/schema\/logo\/image\/\",\"url\":\"https:\/\/birex.net\/cms\/wp-content\/uploads\/2016\/05\/BIREX_logo-1.png\",\"contentUrl\":\"https:\/\/birex.net\/cms\/wp-content\/uploads\/2016\/05\/BIREX_logo-1.png\",\"width\":186,\"height\":35,\"caption\":\"BIREX\"},\"image\":{\"@id\":\"https:\/\/birex.net\/#\/schema\/logo\/image\/\"}}]}<\/script>\n<!-- \/ Yoast SEO plugin. -->","yoast_head_json":{"title":"Transport - BIREX","robots":{"index":"index","follow":"follow","max-snippet":"max-snippet:-1","max-image-preview":"max-image-preview:large","max-video-preview":"max-video-preview:-1"},"canonical":"https:\/\/birex.net\/index.php\/oferta\/transport\/","og_locale":"pl_PL","og_type":"article","og_title":"Transport - BIREX","og_description":"[vc_row][vc_column][vc_column_text css_animation=&#8221;right-to-left&#8221;] transport dalekobie\u017cny transport ponadgabarytowy transport paliw w\u0142asnymi cysternami transport silonaczepami materia\u0142\u00f3w sypkich Przyjmujemy zlecenia transportowe od wielkich firm oraz Klient\u00f3w indywidualnych. Oferujemy szerokie spektrum us\u0142ug wymagaj\u0105cych szczeg\u00f3lnych warunk\u00f3w przewozu. Elastycznie dopasowujemy si\u0119 do specyfiki zlecenia \u2013 rodzaju przewo\u017conego \u0142adunku i potrzeb Klienta. Nasze mocne strony to: Certyfikaty i licencje Posiadamy wszelkie konieczne uprawnienia [&hellip;]","og_url":"https:\/\/birex.net\/index.php\/oferta\/transport\/","og_site_name":"BIREX","article_modified_time":"2016-05-31T12:20:45+00:00","twitter_card":"summary_large_image","twitter_misc":{"Szacowany czas czytania":"1 minuta"},"schema":{"@context":"https:\/\/schema.org","@graph":[{"@type":"WebPage","@id":"https:\/\/birex.net\/index.php\/oferta\/transport\/","url":"https:\/\/birex.net\/index.php\/oferta\/transport\/","name":"Transport - BIREX","isPartOf":{"@id":"https:\/\/birex.net\/#website"},"datePublished":"2016-05-23T11:22:59+00:00","dateModified":"2016-05-31T12:20:45+00:00","breadcrumb":{"@id":"https:\/\/birex.net\/index.php\/oferta\/transport\/#breadcrumb"},"inLanguage":"pl-PL","potentialAction":[{"@type":"ReadAction","target":["https:\/\/birex.net\/index.php\/oferta\/transport\/"]}]},{"@type":"BreadcrumbList","@id":"https:\/\/birex.net\/index.php\/oferta\/transport\/#breadcrumb","itemListElement":[{"@type":"ListItem","position":1,"name":"Strona g\u0142\u00f3wna","item":"https:\/\/birex.net\/"},{"@type":"ListItem","position":2,"name":"Oferta","item":"https:\/\/birex.net\/index.php\/oferta\/"},{"@type":"ListItem","position":3,"name":"Transport"}]},{"@type":"WebSite","@id":"https:\/\/birex.net\/#website","url":"https:\/\/birex.net\/","name":"BIREX Roz\u0142adunek wagon\u00f3w. Transport. Spedycja. Us\u0142ugi budowlane. Paliwa. Kruszywa.","description":"STWORZENI DO ZADA\u0143 WAGI CI\u0118\u017bKIEJ","publisher":{"@id":"https:\/\/birex.net\/#organization"},"potentialAction":[{"@type":"SearchAction","target":{"@type":"EntryPoint","urlTemplate":"https:\/\/birex.net\/?s={search_term_string}"},"query-input":{"@type":"PropertyValueSpecification","valueRequired":true,"valueName":"search_term_string"}}],"inLanguage":"pl-PL"},{"@type":"Organization","@id":"https:\/\/birex.net\/#organization","name":"BIREX","url":"https:\/\/birex.net\/","logo":{"@type":"ImageObject","inLanguage":"pl-PL","@id":"https:\/\/birex.net\/#\/schema\/logo\/image\/","url":"https:\/\/birex.net\/cms\/wp-content\/uploads\/2016\/05\/BIREX_logo-1.png","contentUrl":"https:\/\/birex.net\/cms\/wp-content\/uploads\/2016\/05\/BIREX_logo-1.png","width":186,"height":35,"caption":"BIREX"},"image":{"@id":"https:\/\/birex.net\/#\/schema\/logo\/image\/"}}]}},"_links":{"self":[{"href":"https:\/\/birex.net\/index.php\/wp-json\/wp\/v2\/pages\/139"}],"collection":[{"href":"https:\/\/birex.net\/index.php\/wp-json\/wp\/v2\/pages"}],"about":[{"href":"https:\/\/birex.net\/index.php\/wp-json\/wp\/v2\/types\/page"}],"author":[{"embeddable":true,"href":"https:\/\/birex.net\/index.php\/wp-json\/wp\/v2\/users\/1"}],"replies":[{"embeddable":true,"href":"https:\/\/birex.net\/index.php\/wp-json\/wp\/v2\/comments?post=139"}],"version-history":[{"count":5,"href":"https:\/\/birex.net\/index.php\/wp-json\/wp\/v2\/pages\/139\/revisions"}],"predecessor-version":[{"id":560,"href":"https:\/\/birex.net\/index.php\/wp-json\/wp\/v2\/pages\/139\/revisions\/560"}],"up":[{"embeddable":true,"href":"https:\/\/birex.net\/index.php\/wp-json\/wp\/v2\/pages\/52"}],"wp:attachment":[{"href":"https:\/\/birex.net\/index.php\/wp-json\/wp\/v2\/media?parent=139"}],"curies":[{"name":"wp","href":"https:\/\/api.w.org\/{rel}","templated":true}]}}